divided by 123523.
2
What is the remainder when 134587 is divided by 33?
13
What is the remainder when 4082873 is divided by 49791?
11
What is the remainder when 22763495 is divided by 1322?
1299
What is the remainder when 3830808 is divided by 1357?
1354
What is the remainder when 103101 is divided by 55?
31
What is the remainder when 957912 is divided by 4210?
2242
Calculate the remainder when 47239136 is divided by 367.
364
Calculate the remainder when 6851047 is divided by 2881.
29
Calculate the remainder when 84959140 is divided by 43.
41
Calculate the remainder when 50151 is divided by 1067.
2
What is the remainder when 6914384 is divided by 137?
131
What is the remainder when 49668 is divided by 173?
17
What is the remainder when 6203771 is divided by 31?
20
Calculate the remainder when 7513640 is divided by 114.
14
What is the remainder when 6755384 is divided by 407?
405
Calculate the remainder when 737675 is divided by 46103.
27
Calculate the remainder when 90958 is divided by 3484.
374
What is the remainder when 202436665 is divided by 776?
769
What is the remainder when 3303793 is divided by 3896?
3881
Calculate the remainder when 15239016 is divided by 351.
0
Calculate the remainder when 52991 is divided by 10575.
116
Calculate the remainder when 492666 is divided by 339.
99
Calculate the remainder when 2513130 is divided by 53470.
40
What is the remainder when 58916 is divided by 5805?
866
Calculate the remainder when 116709860 is divided by 17.
15
Calculate the remainder when 2840 is divided by 1536.
1304
Calculate the remainder when 58430 is divided by 4483.
151
What is the remainder when 53629858 is divided by 6036?
6034
What is the remainder when 13268827 is divided by 4?
3
What is the remainder when 33852007 is divided by 8?
7
Calculate the remainder when 240727 is divided by 506.
377
What is the remainder when 194980600 is divided by 222?
220
What is the remainder when 15821 is divided by 819?
260
What is the remainder when 769701 is divided by 4116?
9
What is the remainder when 172669503 is divided by 1984?
1983
Calculate the remainder when 41528134 is divided by 10.
4
What is the remainder when 2170059 is divided by 114213?
12
What is the remainder when 402300755 is divided by 209?
208
What is the remainder when 482685 is divided by 482683?
2
Calculate the remainder when 5156688 is divided by 95494.
12
Calculate the remainder when 5280595 is divided by 2640227.
141
Calculate the remainder when 160332379 is divided by 79.
62
What is the remainder when 2394029 is divided by 926?
319
Calculate the remainder when 10249106 is divided by 931735.
21
What is the remainder when 4748158 is divided by 53?
47
Calculate the remainder when 37676 is divided by 12327.
695
What is the remainder when 12518503 is divided by 229?
218
What is the remainder when 31052 is divided by 10174?
530
Calculate the remainder when 39957020 is divided by 9.
8
What is the remainder when 4065832 is divided by 80?
72
What is the remainder when 13706779 is divided by 208?
203
Calculate the remainder when 8225965 is divided by 16551.
118
Calculate the remainder when 33725788 is divided by 705.
703
What is the remainder when 5183745 is divided by 508?
113
Calculate the remainder when 30296 is divided by 29932.
364
What is the remainder when 33646512 is divided by 469?
452
Calculate the remainder when 10680309 is divided by 821541.
276
Calculate the remainder when 16874366 is divided by 359029.
3
Calculate the remainder when 3198662 is divided by 355404.
26
What is the remainder when 121133 is divided by 3244?
1105
What is the remainder when 147536 is divided by 49089?
269
What is the remainder when 154755 is divided by 9078?
429
What is the remainder when 692100393 is divided by 5564?
5561
What is the remainder when 13779 is divided by 13006?
773
What is the remainder when 204291 is divided by 12765?
51
Calculate the remainder when 152933 is divided by 5265.
248
Calculate the remainder when 219208 is divided by 2360.
2088
Calculate the remainder when 1397536 is divided by 10.
6
Calculate the remainder when 24005307 is divided by 105.
102
What is the remainder when 51036 is divided by 25487?
62
What is the remainder when 7864570 is divided by 782?
778
Calculate the remainder when 896016 is divided by 895783.
233
What is the remainder when 280820 is divided by 208?
20
What is the remainder when 3336210 is divided by 310?
300
Calculate the remainder when 2325508 is divided by 465100.
8
What is the remainder when 5973668 is divided by 24?
20
What is the remainder when 20699 is divided by 10133?
433
What is the remainder when 4006583 is divided by 130?
113
Calculate the remainder when 133770 is divided by 3699.
606
Calculate the remainder when 525842 is divided by 228.
74
What is the remainder when 184925 is divided by 41?
15
Calculate the remainder when 4758819 is divided by 426.
399
What is the remainder when 555208 is divided by 1799?
1116
What is the remainder when 2722655 is divided by 48?
47
What is the remainder when 634452 is divided by 1797?
111
Calculate the remainder when 6685084 is divided by 49155.
4
What is the remainder when 137092 is divided by 68500?
92
Calculate the remainder when 290384 is divided by 751.
498
What is the remainder when 623944 is divided by 207951?
91
What is the remainder when 55582 is divided by 6052?
1114
Calculate the remainder when 36182 is divided by 1060.
142
What is the remainder when 23825745 is divided by 7?
6
Calculate the remainder when 2229369 is divided by 87.
81
Calculate the remainder when 2393401 is divided by 3610.
3581
Calculate the remainder when 985790 is divided by 164206.
554
Calculate the remainder when 130995 is divided by 4846.
153
Calculate the remainder when 1681117 is divided by 347.
249
Calculate the remainder when 1210348 is divided by 956.
52
What is the remainder when 394176 is divided by 12715?
11
Calculate the remainder when 8074447 is divided by 70.
17
Calculate the remainder when 30601 is divided by 5703.
2086
What is the remainder when 408723 is divided by 12300?
2823
Calculate the remainder when 350550196 is divided by 6695.
6691
What is the remainder when 995267 is divided by 1637?
1608
Calculate the remainder when 26092 is divided by 10577.
4938
What is the remainder when 39167126 is divided by 15?
11
What is the remainder when 52459 is divided by 8009?
4405
Calculate the remainder when 3003116 is divided by 6779.
19
Calculate the remainder when 192472 is divided by 9.
7
What is the remainder when 89658129 is divided by 44?
33
Calculate the remainder when 32602 is divided by 4469.
1319
What is the remainder when 95250 is divided by 320?
210
What is the remainder when 15392035 is divided by 2198850?
85
What is the remainder when 15972690 is divided by 936?
786
Calculate the remainder when 3619 is divided by 45.
19
What is the remainder when 256115 is divided by 142?
89
Calculate the remainder when 31643 is divided by 1868.
1755
Calculate the remainder when 1249090 is divided by 884.
882
What is the remainder when 14267856 is divided by 71?
51
Calculate the remainder when 572326 is divided by 1083.
502
Calculate the remainder when 36458 is divided by 4250.
2458
Calculate the remainder when 1595699 is divided by 5560.
5539
Calculate the remainder when 318061 is divided by 6262.
4961
What is the remainder when 10491153 is divided by 1044?
1041
What is the remainder when 234901 is divided by 26100?
1
Calculate the remainder when 1728185 is divided by 216015.
65
What is the remainder when 3894091 is divided by 24?
19
Calculate the remainder when 207240 is divided by 17267.
36
What is the remainder when 231627 is divided by 3174?
3099
Calculate the remainder when 13164186 is divided by 2194031.
0
What is the remainder when 1058603 is divided by 46025?
28
Calculate the remainder when 38986 is divided by 250.
236
Calculate the remainder when 2270553 is divided by 756814.
111
Calculate the remainder when 41098255 is divided by 357376.
15
Calculate the remainder when 30781199 is divided by 200.
199
What is the remainder when 20643078 is divided by 1452?
1446
Calculate the remainder when 6505599 is divided by 276.
3
Calculate the remainder when 2770761 is divided by 176.
169
What is the remainder 